 Let t be o(1). What is the units digit of 3/6*(-1 - t)?
7
Suppose -23 = 4*n + 2*r - 3*r, 0 = 5*n + 4*r + 13. What is the units digit of (48/20)/((-1)/n)?
2
Let g(k) = 9*k**3. Let q be g(1). Let s = q - 5. Suppose -2*r - s + 14 = -2*c, 12 = -3*c. What is the units digit of r?
1
Let j(r) = -27*r + 1. Let y = 2 - 3. Let n be j(y). What is the units digit of 23/4 + 7/n?
6
Suppose 0 = 5*q + h - 100, 3*q + 11 - 48 = 4*h. What is the units digit of q?
9
Suppose s + 5 = 12. Suppose -5*r + 50 = -0*r. Let j = r - s. What is the units digit of j?
3
Let d be (2 + -7)*(-1 - -2). Let h = -5 - d. Suppose h = -5*m - 32 + 112. What is the units digit of m?
6
Let t = -6 - -11. Suppose -30 = -t*a + 15. What is the units digit of a?
9
Let p(g) = -g + 11. Let z be p(8). Let q(j) = -3 - 3*j - 3*j**2 + 2*j**2 - z*j. What is the units digit of q(-3)?
6
Let c be ((-2)/4)/(4/48). What is the tens digit of (30/(-4))/(c/20)?
2
Let b be 1/(-4) + 3/12. Let z be (0 - (b + 0))/(-1). Let d = 22 - z. What is the tens digit of d?
2
Let x(i) = 2*i**2 - i - 1. Let d be x(-2). What is the tens digit of (d - 2)*5/1?
3
Let y(v) = v**3 - 4*v**2 + 3*v - 4. Suppose 0 = -3*z + i + 9, -3*i - 11 + 0 = -5*z. Let o be y(z). Suppose o*j - 4*j - 8 = 0. What is the units digit of j?
2
Let l = 5 - 5. Let i be (-2)/((0 - l) + 1). What is the units digit of 10 - (2 - i/(-1))?
0
Let d = 5 - -11. Suppose 0 = -4*o + 6*o - d. What is the units digit of o?
8
Let f = 1 - -3. Let v = 4 - f. Suppose h - 4*h + 36 = v. What is the tens digit of h?
1
Let q(p) = 19*p**2 - 6*p - 7. What is the tens digit of q(-2)?
8
Let n = 29 - -59. What is the units digit of n?
8
Let d(b) = -b**2 - 5*b. Let a be d(-5). Suppose -i + 2*i - 5*h - 33 = a, 33 = i + 3*h. What is the units digit of i?
3
Let p be 0/(-3) + -7 - -2. Let d = p + 9. Suppose 0 = -x + 3*r + 18 + 10, -2*r - 62 = -d*x. What is the tens digit of x?
1
Let l = -6 - -9. Suppose 4*u + 5*d - 16 = 3*d, 4*d = l*u - 34. What is the units digit of u?
6
Let g = 154 + 124. What is the hundreds digit of g?
2
Let r be (-1)/(-1 + 2) + 2. What is the units digit of 1*7*(r + 0)?
7
Let y(w) = w**3 - 5*w**2 + 6*w - 5. Let h = -6 + 8. Suppose -h*b + 16 = 2*b. What is the units digit of y(b)?
3
Let o = -7 + 9. Let b be (3 - 18) + (-6)/o. Let f = 29 + b. What is the tens digit of f?
1
What is the tens digit of (-2)/4 - (-37)/2?
1
Suppose -2*q + 5*r = -73 - 38, 0 = -4*q - r + 189. What is the tens digit of q?
4
Suppose -8*q + 152 = -4*q. What is the units digit of q?
8
Let p(g) = g**3 - g**2 - 2*g - 2. Let j be p(3). Let t(h) = h**3 - 3 + 4*h**2 - 4 + j - 5*h. What is the units digit of t(-5)?
3
What is the units digit of (6 + -78)/4*(-44)/6?
2
Let r = 1 + 2. Suppose 3*d = -r*t - t + 4, 2*t = -d. Suppose 0*k + 4 = d*k. What is the units digit of k?
1
Suppose -5*a + 0*a = -4*o - 36, 3*o = -a - 8. Suppose -a*s = -4*p + 56, -2*s - 41 = -3*p + 2*s. What is the units digit of p?
5
Suppose -s - 16 + 22 = 0. Suppose 3*v + 2*d = 42, 5*d = -4*v + s*d + 45. What is the units digit of v?
2
Suppose -710 = -2*j + 5*x - 102, -2*j + 616 = -3*x. What is the hundreds digit of j?
3
Let p = 0 - -15. Suppose 4*s - 29 = -c - 8, 5*c = 4*s - p. What is the units digit of (-3 - -4 - -8)/c?
9
Let g = -10 - -9. Let s(c) = -8*c**3 - c**2 - c. What is the units digit of s(g)?
8
Let p(v) = v - 1. Let h(u) = 5*u + 5. Let k(m) = -h(m) - 6*p(m). Let d be k(-1). Suppose -4*o - i = -d, -3*o - 3*i - 3 = -4*o. What is the units digit of o?
3
Suppose -k - 16 + 0 = 4*o, -2*o = -5*k + 8. What is the units digit of (-3)/(2/o - 0)?
6
Let z(x) = x + 1. Let y(v) = 2*v**2 - 4*v + 2. Let b be y(2). Suppose 0 = b*a, h + 2*h - 3 = 5*a. What is the units digit of z(h)?
2
Let z(d) = d**3 - 5*d**2 + 3*d. Let m be z(5). What is the units digit of m - 2/(-4)*-2?
4
Suppose -5*u + 146 = -324. What is the units digit of u?
4
Let y = -6 - -17. Suppose -d - 2*c + 2 = -y, 29 = 3*d + 4*c. Suppose -16 = -d*s - 0*s + 2*p, -4*p = -4*s + 24. What is the units digit of s?
4
Suppose -v = c + 3*v - 27, -4*c - v = -138. What is the tens digit of c?
3
Suppose 2*k - 4*t - 31 - 247 = 0, -2*t = -8. What is the tens digit of k?
4
What is the tens digit of (-3 + -35 - -4)/(4/(-10))?
8
Let a be (1 + -1)*12/36. Suppose 51 = -x + 4*x + 3*t, 3*t + 15 = a. What is the units digit of x?
2
Suppose 3*p - 2*p - 2 = 0. Let j be ((-30)/25)/(2/(-5)). Suppose j*x = -p*x + 65. What is the tens digit of x?
1
Let d(c) = -c**3 + c**2 + 4*c - 3. Let k be d(3). Let g(o) = -o + 1. What is the units digit of g(k)?
0
What is the tens digit of (10/3 - 2)*2025/18?
5
Suppose -9*k = -1293 - 1866. What is the tens digit of k?
5
Let o(x) = -x + 3. Suppose -i - 6 = 5. Let u = 8 + i. What is the units digit of o(u)?
6
Suppose 5*i = 3*i - 4*b + 20, -4*b = -5*i + 106. What is the units digit of i?
8
Let j = -4 - -42. Suppose 4*r = j + 98. What is the units digit of r?
4
Let b(m) = -2*m**2 + m. Let u be b(1). Let h(c) be the second derivative of c**5/20 + c**4/4 - c**2/2 + 11*c. What is the units digit of h(u)?
1
Suppose w = -3*w + 12. Suppose -u = 2*v - 38, -2*u = -1 - 3. Suppose v = w*c - 21. What is the tens digit of c?
1
Let l be ((-2)/4)/((-1)/2). Suppose 3*o + 0*y + 3 = -3*y, -5*o + 2*y = -30. Let v = l + o. What is the units digit of v?
5
Let y(i) = 22*i - 37. What is the tens digit of y(14)?
7
Let w = 4 - 2. Suppose z = -5*p + 149, -w*z + 45 = p + 2*z. What is the tens digit of p?
2
Let b(d) = d**3 + 5*d**2 + 5*d + 6. Let y be b(-4). Let i(l) = -2*l + l + 1 + 3*l. What is the units digit of i(y)?
5
Let y be (3 - 1)/(2/3). Suppose 2 - 1 = y*i + r, -5*i = -4*r - 30. What is the units digit of i?
2
Let i = 11 - 8. Suppose -i*p = -6*p + 6. Suppose p*t + 2*t - 16 = 0. What is the units digit of t?
4
Suppose -4*x + 220 = 3*b, -5*b + b + 292 = 4*x. What is the units digit of b?
2
Let g(q) be the third derivative of q**5/30 + q**4/3 + 5*q**3/6 - 3*q**2. Suppose -23 = 3*r + 4*n, 3*r - n = -2*n - 17. What is the tens digit of g(r)?
1
Let s(t) = -t**3 + 11*t**2 + 16*t + 4. What is the tens digit of s(12)?
5
Let v(h) = -h**3 - 7*h**2 + 5*h - 2. What is the units digit of v(-8)?
2
Let d = -28 - -83. Suppose -3*c - 5*l = -0*l - d, -5*l = 2*c - 40. What is the tens digit of c?
1
Let a = -5 - -4. Suppose -6*k - 9 = -g - 3*k, -k = 2*g - 11. Let d = a + g. What is the units digit of d?
5
Suppose 0 = -4*x + 60 - 16. Let y = 7 - x. Let v = y + 10. What is the units digit of v?
6
Let x(i) = i**2 + 2*i - 3. Suppose 0*g - 4*b + 30 = 2*g, -2*g - b + 18 = 0. Let n(p) = p**3 - 8*p**2 + 6*p + 3. Let v be n(g). What is the units digit of x(v)?
5
Let f(d) = d**2 + 5*d - 5. Suppose -4*z + 48 = -4*c, z + 30 = -8*c + 3*c. What is the units digit of f(c)?
9
Let m = 103 + 142. What is the units digit of m?
5
Suppose 7*z - 139 = 407. What is the units digit of z?
8
Suppose 4*f - 5*r - 11 = 0, -3*f + 17 = -0*r + 5*r. Suppose -f = -4*z, 5*w = -z + 6*z. What is the units digit of w?
1
Suppose 11 = 3*m + 2*g - 5, 3*m + 5*g - 31 = 0. Suppose 0 = -2*s - m, -4*y + s + 28 + 25 = 0. What is the tens digit of y?
1
Let d(i) = 8*i**2 + 4*i - 3. Let j(n) = 16*n**2 + 9*n - 7. Let k(u) = 7*d(u) - 3*j(u). What is the units digit of k(-1)?
7
Suppose -5 = z, -w + 2*z = -0*z - 13. Let l(r) be the third derivative of 5*r**4/24 + 6*r**2. What is the units digit of l(w)?
5
Let n = 23 + -20. Suppose 0 = -n*l + 20 + 43. What is the units digit of l?
1
Let p(u) = 3*u**2 - 10*u - 6. What is the units digit of p(7)?
1
Let s(t) = t - 2. Let q be s(5). Suppose -5*h - l - 14 = -48, q*h - 23 = 2*l. What is the units digit of h?
7
Suppose -x - 4*x = 10. Suppose -3*w - w - 24 = 4*c, -c - 2*w = 10. What is the units digit of (4 + x)*(-1)/c?
1
Suppose 3*v = -4*w + v + 14, 0 = 2*v - 6. Let q be (3 + -8)/(w/(-4)). What is the tens digit of 128/10 + 2/q?
1
Let u(g) = g**2 - 2. Let k be (0 - -1) + (-2 - -3). Let l be u(k). Suppose -v - 3*v - h + 42 = 0, 18 = l*v - h. What is the tens digit of v?
1
Let g be 142/(-3 - (-6 + 1)). Let b = g - 41. What is the units digit of b?
0
Suppose -f = -24 + 1. What is the units digit of f?
3
Let i(c) = 3*c**2 + 6*c - 7. Let o(y) = -2*y**2 - 6*y + 6. Let d(q) = -3*i(q) - 4*o(q). Let u be d(5). What is the units digit of 10/2*u/2?
5
Let u be (-1)/(-4) - 67/(-4). Suppose -u*w + 160 = -12*w. What is the tens d